{"id":1464,"date":"2016-12-19T15:40:17","date_gmt":"2016-12-19T14:40:17","guid":{"rendered":"http:\/\/fusion.bsc.es\/?page_id=1464"},"modified":"2024-02-13T14:36:43","modified_gmt":"2024-02-13T13:36:43","slug":"projects","status":"publish","type":"page","link":"https:\/\/fusion.bsc.es\/index.php\/projects\/","title":{"rendered":"Projects"},"content":{"rendered":"<h2><span style=\"color: #568cbf;\">On-going projects<br \/>\n<\/span><\/h2>\n<p>EUROfusion Bernart Bigot Researcher Grant<br \/>\n<strong>Project &#8220;Development of multiphysics fusion simulations for HPC environments&#8221;<\/strong><br \/>\n<em>01\/Jan\/2024 &#8211; 31\/Dec\/2025<\/em><\/p>\n<p>FuseNet funded MSc student internship project abroad<br \/>\n<strong>Hernan Domingo Ramos<\/strong><br \/>\n<em>Feb\/2024 \u2013 Jul\/2024<\/em> <\/p>\n<p>Severo Ochoa Center of Excellence<br \/>\n<strong>Barcelona Supercomputing Center<\/strong><br \/>\n<em>01\/Jan\/2023 &#8211; 31\/dec\/2027<\/em><\/p>\n<p>Grups de Recerca SGR-Cat 2021 Reconeguts per la Generalitat de Catalunya,<br \/>\n<strong>Fusion group 2021 SGR 00908 <\/strong><br \/>\n<em>27\/Oct\/2022 &#8211; 26\/Oct\/2027<\/em><\/p>\n<p>EURATOM Cofund Actions, including EUROfusion Advanced Computing Hub (ACH) at CIEMAT-BSC<br \/>\n<strong>Implementation of activities described in the Roadmap to Fusion during Horizon Europe through a joint programme of the members of the EUROfusion consortium<\/strong><br \/>\n<em>01\/Jan\/2021 &#8211; 31\/Dec\/2027<\/em><\/p>\n<p>Instituci\u00f3 Catalana de Recerca i Estudis Avan\u00e7ats (ICREA)<br \/>\n<strong>ICREA Research Professorship<\/strong><br \/>\n<em>01\/Oct\/2013 &#8211; Present <\/em><\/p>\n<h2><span style=\"color: #568cbf;\">Past projects<br \/>\n<\/span><\/h2>\n<p>EUROfusion EU-Japan Broader Approach simulation project in JFRS-1<br \/>\n<strong>Large scale DFT study of defects and adsorption of impurities in tungsten for fusion applications (BigDFT4W)<\/strong><br \/>\n<em>01\/Apr\/2021 &#8211; 31\/Mar\/2022<\/em><\/p>\n<p>Red Espa\u00f1ola de Supercomputaci\u00f3n (RES) 3rd Call Project 2020<br \/>\n<strong>Ab Initio Study of Defects in Tungsten from Linear Scaling Density Functional Theory Methods<\/strong><br \/>\n<em>01\/Nov\/2020 \u2013 28\/Feb\/2021<\/em> <\/p>\n<p>Ag\u00e8ncia de Gesti\u00f3 d\u2019Ajuts Universitaris i de Recerca<br \/>\n<strong>Beca de Formaci\u00f3 d&#8217;investigadors: FI 2020<\/strong><br \/>\n<em>01\/Sep\/2020 \u2013 31\/May\/2022<\/em><\/p>\n<p>Red Espa\u00f1ola de Supercomputaci\u00f3n (RES)<br \/>\n<strong>Organization of the first Spanish Fusion HPC Workshop and second Fusion HPC Workshop<\/strong><br \/>\n<em>01\/Feb\/2020 &#8211; 31\/Dec\/2021<\/em><\/p>\n<p>Spanish National Plan Project<br \/>\n<strong>PID2019-110854RB-I00 \u2018Fusion codes II\u2019<\/strong><br \/>\n<em>2020 &#8211; 2022<\/em><\/p>\n<p>EUROfusion Engineering Grant<br \/>\n<strong>EEG-2020\/02: &#8220;Structural Analyses of DEMO Magnets&#8221;<\/strong><br \/>\n<em>2020 &#8211; 2022 (finished early in October 2021 due to the grantee moving to another institution)<\/em><\/p>\n<p>HPC-Europa3 Transnational Access programme<br \/>\n<strong>Research stay &#8220;Modelling of fast ions in TJ-II with Monte Carlo orbit-following code ASCOT&#8221;<\/strong><br \/>\n<em>22\/Jul\/2019 &#8211; 1\/Nov\/2019<\/em><\/p>\n<p>European Physical Society Plasma Physics Conference 2020\/2021 (organized online due to Covid-19 pandemic)<br \/>\n<strong> www.epsplasma2020.eu, Sitges, Spain, June 2021 <\/strong><br \/>\n<em>01\/Jan\/2019 &#8211; 31\/Dec\/2023<\/em><\/p>\n<p>EUROfusion Marconi-Fusion Cycle3<br \/>\n<strong>Simulating Alfv\u00e9n modes in TJ-II with ASCOT (TJ2ASCOT)<\/strong><br \/>\n<em>01\/Jan\/2019 \u2013 29\/Feb\/2020<\/em><\/p>\n<p>Generatitat de Catalunya, Direcci\u00f3 General de Recerca<br \/>\n<strong>RIS3CAT Emerging Sector Fusi\u00f3 a Catalunya FusionCAT, www.fusioncat.es<\/strong><br \/>\n<em>2019 &#8211; 2022<\/em><\/p>\n<p>EUROfusion Engineering Grant<br \/>\n<strong>EEG-2018\/05: &#8220;Development of High Performance Computing capability for fusion workflows, integrated to the ITER Modelling framework&#8221;<\/strong><br \/>\n<em>2018 &#8211; 2021<\/em><\/p>\n<p>EUROfusion Marconi-Fusion Cycle2<br \/>\n<strong>ASCOT simulation of ICRH-generated fast ions in the presence of MHD in AUG (ASCOT-MST1)<\/strong><br \/>\n<em>01\/Aug\/2017 \u2013 31\/Dec\/2018<\/em><\/p>\n<p>SGR (Support to Recognized Research Groups)<br \/>\n<strong>SGR 2017 \u2013 CASE AGAUR<\/strong><br \/>\n<em>01\/Jan\/2017 \u2013 31\/Sep\/2021<\/em><\/p>\n<p>RES Red Espa\u00f1ola de Supercomputacion (RES) 3rd Call for proposals 2016<br \/>\n<strong>Gyrokinetic Simulations for Characterizing Fast Ion Stabilization of Plasma Turbulence in ASDEX Upgrade<\/strong><br \/>\n<em> 01\/Nov\/2016 &#8211; 28\/Feb\/2017 <\/em><\/p>\n<p>EUROfusion supercomputer Marconi-Fusion Cycle 1 Project &#8211; Infrastructure Support Activities (WPISA)<br \/>\n<strong>Large scale BigDFT simulations for fusion reactor materials<\/strong><br \/>\n<em>17\/Oct\/2016 &#8211; 31\/Dec\/2017<\/em><\/p>\n<p>EUROfusion supercomputer Marconi-Fusion Cycle 1 project &#8211; Infrastructure Support Activities (WPISA)<br \/>\n<strong>Gyrokinetic BETA scalings of turbulent transport in eXperimental scalings<\/strong><br \/>\n<em>17\/Oct\/2016 &#8211; 31\/Dec\/2017<\/em><\/p>\n<p>EUROfusion supercomputer Marconi-Fusion Cycle 1 project &#8211; Infrastructure Support Activities (WPISA)<br \/>\n<strong>Non-linear Simulations of MHD Instabilities and Associated Code Developments<\/strong><br \/>\n<em>17\/Oct\/2016 &#8211; 31\/Dec\/2017<\/em><\/p>\n<p>EUROfusion Marconi-Fusion Lighthouse project &#8211; Infrastructure Support Activities (WPISA)<br \/>\n<strong>Non-linear MHD simulations of pellet triggered ELM<\/strong><br \/>\n<em>01\/Aug\/2016 &#8211; 16\/Oct\/2016<\/em><\/p>\n<p>EUROfusion Marconi-Fusion Lighthouse project &#8211; Infrastructure Support Activities (WPISA)<br \/>\n<strong>BigDFT for fusion materials<\/strong><br \/>\n<em>01\/Aug\/2016 &#8211; 16\/Oct\/2016<\/em><\/p>\n<p>Convenio entre el Consejo de Seguridad Nuclear y la Universitat Polit\u00e8cnica de Catalunya<br \/>\nC\u00e1tedra de Seguridad Nuclear ARGOS en la Escuela T\u00e9cnica Superior de Ingenier\u00eda Industrial de Barcelona<br \/>\n<strong>ARGOS grants for MSc and PhD students<\/strong><br \/>\n<em>15\/Jul\/2016 &#8211; 31\/Dec\/2016<\/em><\/p>\n<p>Fusenet: Support for Educational Training of PhD and Master Student<br \/>\n<strong>Funding for MSc student participation in Plasma Physics Summer Schools and Workshops<\/strong><br \/>\n<em>11\/Jul\/2016 &#8211; 09\/Sep\/2016<\/em><\/p>\n<p>Ag\u00e8ncia de Gesti\u00f3 d&#8217;Ajuts Universitaris i de Recerca (AGAUR)<br \/>\n<strong>Beca de Formaci\u00f3 d&#8217;investigadors: FI 2016<\/strong><br \/>\n<em>01\/Mar\/2016 &#8211; 28\/Feb\/2019<\/em><\/p>\n<p>Ministerio de Economia y Competitividad: Estatal de Investigaci\u00f3n, Desarrollo e Innovaci\u00f3n Orientada a los Retos de la Sociedad, Convocatoria 2015, Modalidad 1: \u00abProyectos De I+D+I\u00bb<br \/>\n<strong>Spanish National Plan Project ENE2015-67371-R &#8216;Fusion codes&#8217;<\/strong><br \/>\n<em>01\/Jan\/2016 &#8211; 31\/Dec\/2019<\/em><\/p>\n<p>EUROfusion: Support to missions to related to International Collaborations<br \/>\n<strong>Mobility funds for research visit to Kyoto University, Japan.<\/strong><br \/>\n<em> 01\/Jan\/2016 &#8211; 31\/Dec\/2016 <\/em><\/p>\n<p>Ministerio de Educaci\u00f3n de Espa\u00f1a<br \/>\n<strong>RAMON Y CAJAL \u00b7 Ministerio de Economia y Competitividad<\/strong><br \/>\n<em>11\/Nov\/2015 &#8211; 31\/Oct\/2020<\/em><\/p>\n<p>Fundaci\u00f3 La Caixa<br \/>\n<strong>La Caixa Fellowship grant<\/strong><br \/>\n<em> 01\/Oct\/2015 &#8211; 30\/Sep\/2019<\/em><\/p>\n<p>11th PRACE call for proposals<br \/>\n<strong>JOREK, Non-linear modelling of plasma MHD instabilities and their control in tokamaks<\/strong><br \/>\n<em>01\/Sep\/2015 &#8211; 31\/Aug\/2016<\/em><\/p>\n<p>Fusenet: Support for Educational Training of PhD and Master Student<br \/>\n<strong>Funding for participation of D. Gallart in 52nd Culham Plasma Physics Summer School<\/strong><br \/>\n<em>13\/Jul\/2015 &#8211; 24\/Jul\/2015<\/em><\/p>\n<p>Red Espa\u00f1ola de Supercomputaci\u00f3n (RES) Calls for proposals<br \/>\n<strong>Non-linear MHD modelling of pellet injection for ELM control in fusion plasmas<\/strong><br \/>\n<em>01\/Jul\/2015 &#8211; 28\/Jun\/2016<\/em><\/p>\n<p>Barcelona Supercomputing Center (BSC) Severo Ochoa Mobility Programme<br \/>\n<strong>Researcher mobility for D. Gallarts visits to JET, UK, and Asdex-Upgrade, Germany<\/strong><br \/>\n<em>01\/Jul\/2015 &#8211; 31\/Dec\/2015<\/em><\/p>\n<p>Barcelona Supercomputing Center (BSC) Severo Ochoa Researcher Mobility<br \/>\n<strong>Researcher mobility grant for visitor Leopoldo Carbajal, University of Warrick, UK, to visit Barcelona Supercomputing Center<\/strong><br \/>\n<em>13\/Apr\/2015 &#8211; 17\/Apr\/2015<\/em><\/p>\n<p>Barcelona Supercomputing Center (BSC) Severo Ochoa Programme<br \/>\n<strong>Researcher mobility for S. Futatani visits to ITER, France, JET, UK, and Asdex-Upgrade, Germany<\/strong><br \/>\n<em>01\/Jan\/2015 &#8211; 01\/Dec\/2015<\/em><\/p>\n<p>ITER Organization Call for Expertise<br \/>\n<strong>Non-linear MHD Modelling of Pellet Injection for ELM Control in ITER <\/strong><strong>IO\/14\/CFE\/10010867\/PRS<\/strong> \u00b7<br \/>\n<em>01\/Dec\/2014 &#8211; 30\/Jun\/2017<\/em><\/p>\n<p>Barcelona Supercomputing Center (BSC) Mobility grants of the Severo Ochoa Programme<br \/>\n<strong>Researcher Mobility for ITER collaboration<\/strong><br \/>\n<em>01\/Dec\/2014 &#8211; 31\/Mar\/2015<\/em><\/p>\n<p>Computational Simulation Centre (CSC) &#8211; International Fusion Energy Research Centre (IFERC)<br \/>\n<strong>Non-linear MHD simulations of pellet triggered ELM<\/strong><br \/>\n<em>01\/Dec\/2014 &#8211; 27\/Dec\/2016<\/em><\/p>\n<p>EUROfusion under Horizon2020<br \/>\n<strong>Experiment &#8220;Bulk ion heating with He-3 minority heating on ASDEX Upgrade&#8221;<\/strong><br \/>\n<em>09\/Oct\/2014 &#8211; 10\/Oct\/2014<\/em><\/p>\n<p>AGAUR: SGR (Support to Recognized Research Groups)<br \/>\n<strong>SGR 2014 (Support to Recognized Research Groups) &#8211; CASE<\/strong><br \/>\n<em>01\/Sep\/2014 &#8211; 31\/Aug\/2017<\/em><\/p>\n<p>COFUND (European Joint Programme) &#8211; EURATOM<br \/>\n<strong>EUROfusion-Implementation of activities described in the Roadmap to Fusion during Horizon 2020<\/strong><br \/>\n<em>01\/Jan\/2014 &#8211; 31\/Dec\/2021<\/em><\/p>\n<p>Barcelona Supercomputing Center (BSC)<br \/>\n<strong>BSC\/CASE Researcher mobility funds<\/strong><br \/>\n<em>01\/Jan\/2014 &#8211; 31\/Dec\/2014<\/em><\/p>\n<p>European Commission: Euratom Staff Mobility<br \/>\n<strong>Collaboration with the JET tokamak<\/strong><br \/>\n<em>04\/Nov\/2013 &#8211; 08\/Nov\/2013<\/em><\/p>\n<p>Barcelona Supercomputing Center (BSC) Mobility grants of the Severo Ochoa Programme<br \/>\n<strong>Researcher mobility grant for collaboration with the JET tokamak<\/strong><br \/>\n<em>01\/Nov\/2013 &#8211; 13\/Jul\/2014<\/em><\/p>\n<p>European Commission: Euratom Staff Mobility<br \/>\n<strong>Mobility funding for participation in the preparation meeting of the EUROfusion workprogramme<\/strong><br \/>\n<em>28\/Oct\/2013 &#8211; 30\/Oct\/2013<\/em><\/p>\n<p>European Commission: JET notification work<br \/>\n<strong>Collaboration with the JET tokamak<\/strong><br \/>\n<em>28\/Oct\/2013 &#8211; 31\/Dec\/2013<\/em><\/p>\n","protected":false},"excerpt":{"rendered":"<p>On-going projects EUROfusion Bernart Bigot Researcher Grant Project &#8220;Development of multiphysics fusion simulations for HPC environments&#8221; 01\/Jan\/2024 &#8211; 31\/Dec\/2025 FuseNet funded MSc student internship project abroad Hernan Domingo Ramos Feb\/2024 \u2013 Jul\/2024 Severo Ochoa Center of Excellence Barcelona Supercomputing Center 01\/Jan\/2023 &#8211; 31\/dec\/2027 Grups de Recerca SGR-Cat 2021 Reconeguts per la Generalitat de Catalunya, Fusion &#8230; <a title=\"Projects\" class=\"read-more\" href=\"https:\/\/fusion.bsc.es\/index.php\/projects\/\" aria-label=\"Read more about Projects\">Read more<\/a><\/p>\n","protected":false},"author":4,"featured_media":0,"parent":0,"menu_order":0,"comment_status":"closed","ping_status":"closed","template":"","meta":{"footnotes":""},"class_list":["post-1464","page","type-page","status-publish"],"_links":{"self":[{"href":"https:\/\/fusion.bsc.es\/index.php\/wp-json\/wp\/v2\/pages\/1464","targetHints":{"allow":["GET"]}}],"collection":[{"href":"https:\/\/fusion.bsc.es\/index.php\/wp-json\/wp\/v2\/pages"}],"about":[{"href":"https:\/\/fusion.bsc.es\/index.php\/wp-json\/wp\/v2\/types\/page"}],"author":[{"embeddable":true,"href":"https:\/\/fusion.bsc.es\/index.php\/wp-json\/wp\/v2\/users\/4"}],"replies":[{"embeddable":true,"href":"https:\/\/fusion.bsc.es\/index.php\/wp-json\/wp\/v2\/comments?post=1464"}],"version-history":[{"count":28,"href":"https:\/\/fusion.bsc.es\/index.php\/wp-json\/wp\/v2\/pages\/1464\/revisions"}],"predecessor-version":[{"id":91789,"href":"https:\/\/fusion.bsc.es\/index.php\/wp-json\/wp\/v2\/pages\/1464\/revisions\/91789"}],"wp:attachment":[{"href":"https:\/\/fusion.bsc.es\/index.php\/wp-json\/wp\/v2\/media?parent=1464"}],"curies":[{"name":"wp","href":"https:\/\/api.w.org\/{rel}","templated":true}]}}